igit of c(-8)?
5
Let q(c) = c**2 + 17*c + 90. Let r be q(-19). Suppose 0*g + 266 = 2*x - 4*g, -r = -x - 3*g. What is the tens digit of x?
3
Let b(v) = 3*v**2 - 787 - 2*v - 5*v**3 - 808 + 1567. What is the hundreds digit of b(-4)?
3
Let x(g) = -5*g + 35 - 3*g**2 + g**3 + 18*g - 7. What is the tens digit of x(10)?
5
Let h be (8953/20 - (-36)/(-90))*16. Suppose -5*g = -r - h, 3*r - 8795 = -5*g - 1643. What is the thousands digit of g?
1
Let r = -23 - -25. Suppose r*y = y + 505. What is the tens digit of y?
0
Suppose -3*b - 16*b = 23*b - 882798. What is the hundreds digit of b?
0
Let t be ((-4)/(-6))/((-12)/198). Let k(p) = -p**3 - 12*p**2 - 13*p - 27. Let w be k(t). What is the units digit of 4/w*(-345)/6?
6
Let h(l) be the third derivative of 4*l**5/15 + 9*l**4/8 - l**3 + 75*l**2. What is the tens digit of h(-7)?
8
Suppose -z = -6, 2*z + 139543 = 3*a - 46256. What is the tens digit of a?
3
Let i(s) = s + 16. Let l be i(-17). Let d be (-1 - 5)/(1 - l). What is the hundreds digit of (-763)/d + (20/(-15) - -1)?
2
Let l(i) = -i**2 - 2 - 3 - 8*i - 5*i**2 + 5*i**2. Let t be l(-7). Suppose -t*x = -3*x + 39. What is the tens digit of x?
3
Let p be ((-6348)/(-115))/(2/55). Let s = -456 + p. What is the thousands digit of s?
1
Suppose -12129 = 11*l - 97885. What is the thousands digit of l?
7
Suppose 0 = h - 4*l - 13244, 3*h - 35*l + 34*l = 39743. What is the hundreds digit of h?
2
Let x(r) = -2*r**3 - 4*r**2 - 3*r - 3. Let q be x(-2). Suppose q*w - 2*s - 154 - 55 = 0, s = -4*w + 264. Suppose w = -11*z + 892. What is the tens digit of z?
7
Suppose -57*i + 51*i + 14490 = 0. Suppose -27*g + 4*g + i = 0. What is the units digit of g?
5
Suppose -2*z - 4*j - 80713 = 105959, 5*j = -5*z - 466660. What is the units digit of z/(-133) - (-2)/7?
2
Let a(f) = 5*f - 6*f + 3*f + 9. Let s be a(2). What is the tens digit of (s - (2 - 1))/((-9)/(-27))?
3
Let i = 16177 - -22884. What is the units digit of i?
1
Let z = -517 + -220. Let n be z/(-7) + -2 + (-4)/14. What is the units digit of -2*n*(-3)/6?
3
Let j = 58 + -55. Suppose -6*d = -j*d + 24. What is the units digit of 40/2 - 2*4/d?
1
Suppose -12549 = -4*b - 3*m - 0*m, -2*m - 10 = 0. What is the units digit of b?
1
Let p be 1217*(4/10)/((-6)/(-30)). Suppose -p + 180 = -7*h. What is the hundreds digit of h?
3
Suppose -3*c + 1148 = 5*r, 0 = 3*c - 8*c + 3*r + 1970. What is the hundreds digit of c + 11/((-55)/15)?
3
Suppose 4*v = -8, 3*v + 1 - 15 = -5*n. Let w be n/(-18) + (-38)/(-9). Suppose -5*g = w*j - 740, 3*j = j - 4*g + 376. What is the hundreds digit of j?
1
Let q(b) = -b**3 - 11*b**2 - 3*b - 18. Let y be ((-6)/4)/((-6)/188). Suppose 5*m - y = 2*h, -h = 2*h - 3*m + 48. What is the tens digit of q(h)?
1
Let l(w) = w**3 + 4*w**2 + 2*w + 4. Let t be l(-4). What is the hundreds digit of ((-291)/t)/(11/8 - 1)?
1
Let a = 16741 + -2842. What is the tens digit of a?
9
Let o(n) = -606*n - 2. Let g be o(-2). Suppose 1203*b - g*b + 8463 = 0. What is the thousands digit of b?
1
Let x be 32*(-1)/((-3)/36). Let s = 791 - x. What is the tens digit of s?
0
Let g = 11646 + -2677. What is the hundreds digit of g?
9
Let p(i) = i**3 + 17*i**2 - 35*i + 55. Let r be p(-19). What is the hundreds digit of (2 - r/2)*(-26129)/(-159)?
4
Let s = -7659 + 2853. What is the thousands digit of (-8)/(s/(-17262) - 4/14)?
1
Suppose 523 = 5*w - 412. Let p(g) = 11*g**2 - 6*g + 3. Let f be p(-5). Let y = f - w. What is the units digit of y?
1
Suppose -3*g + 6*k + 72387 = 2*k, g = -k + 24129. What is the thousands digit of g?
4
What is the hundreds digit of ((-119)/7 - -13)/((-12)/85209)?
4
Suppose -126 = 9*n + 33*n. What is the thousands digit of n + 14 + -10 + (1000 - -1)?
1
Suppose 337*k = 267*k + 717430. What is the tens digit of k?
4
Let m = -68005 + 122125. What is the tens digit of m?
2
Let c = -20834 + 39722. What is the ten thousands digit of c?
1
Let l = 446 - -2533. What is the hundreds digit of l?
9
Suppose -289 = 5*s - 3569. Let l = -9740 + 9751. Suppose s = -3*m + l*m. What is the units digit of m?
2
Suppose 141466 = 42*s + 10258. What is the tens digit of s?
2
Suppose 0 = -4*i + 3*i + 39. Let h = 11 - i. Let s = 49 + h. What is the units digit of s?
1
What is the tens digit of (17538/12 - 14)*10?
7
Let t = -79 - -73. Let x(i) = i**2 - i - 28. Let m be x(t). What is the units digit of (114/m*2)/(1/7)?
4
What is the units digit of ((-365301)/555)/(3/(-20))?
8
Let a(q) be the first derivative of -3*q**4/4 - 8*q**3/3 - 7*q**2/2 - 12*q - 4. Let w be a(-6). Suppose 0 = 7*s - 163 - w. What is the tens digit of s?
7
Suppose s - 459 = -8*s. Suppose 3*a = w - s, a - 4*w = -0*a - 17. Let c(l) = l**3 + 18*l**2 + 14*l + 20. What is the units digit of c(a)?
1
Suppose 0 = -6*r - 56 + 20. Let w(b) = -2*b + 65. What is the tens digit of w(r)?
7
Suppose -531*g + 526*g + 28845 = 0. What is the hundreds digit of g?
7
Let h = -23144 - -36474. What is the ten thousands digit of h?
1
Let j(r) = -4*r + 41. Let f be -3 + (-4 - -6)*42/4. Let k be 4/f - 2/36*4. What is the tens digit of j(k)?
4
Let g = -272 - -346. Suppose 0 = -2*z + f + 74, 0 = -2*z + 3*f - 8*f + g. What is the tens digit of z?
3
Let r = 31601 + -21852. What is the tens digit of r?
4
Suppose -39*w + 490546 + 40922 = 24*w. What is the hundreds digit of w?
4
Let k = 48 - 46. Suppose j = 5*p - 809, p - 74 = -k*j + 90. What is the tens digit of p?
6
Let p(d) = d - 7. Let n be p(16). Let y(k) = 10*k + 15. What is the hundreds digit of y(n)?
1
Let p(q) = 13*q - 196. Let z(v) = -26*v + 389. Let c(r) = 11*p(r) + 6*z(r). What is the tens digit of c(10)?
4
Suppose 2*b - 11 = -3*c - 6, 5*b - 2 = 3*c. What is the units digit of b/5 + 164472/165?
7
Suppose -17 = -3*b - 56. Let c be 37/13 - (1 - (-15)/b). Suppose 2*t + 276 + 142 = c*w, -4*w - t = -561. What is the tens digit of w?
4
Suppose 3*c + 0*c + 5*w = 1260, -5*w + 2090 = 5*c. Suppose -41*m = -46*m + c. What is the tens digit of m?
8
Suppose 5*s + 2*f - 23 - 35 = 0, 0 = -4*s + 4*f + 52. Let g be ((-164)/6)/((32/s)/(-8)). Suppose z - 120 - g = 0. What is the hundreds digit of z?
2
Let w(m) = -2*m**2 + 2*m + 3. Let n be w(3). Let o(k) = -8*k - 22. Let r be o(n). Suppose -20*u + 19*u + r = 0. What is the units digit of u?
0
Let t(o) = 3*o**3 + 2*o - 3. Let j be t(3). Suppose -2*b - 180 = -4*b + 4*w, b - j = 5*w. Suppose y + b = 3*y. What is the tens digit of y?
4
Suppose s = -0*g - 2*g - 11, 0 = -s + 5*g + 3. Let h = s - -9. Suppose 0 = h*u + 6, 4*o - u + 0*u - 99 = 0. What is the units digit of o?
4
Suppose 4*t - 3*q - 751 = 0, 2*q = 3*t - 2*q - 558. Let n = t - -79. Suppose -4*w = -c - n, -3*w + 4*c - c = -195. What is the units digit of w?
8
Let a = 32 + -34. What is the tens digit of (-17)/(-2 + (-5 - a - -4))?
1
Let t(r) = r**2 - 11*r - 53. Let c be t(-4). Let s(n) = 129*n + 1. What is the tens digit of s(c)?
0
Let p = 3804 - 1844. Suppose b - p = -6*b. What is the units digit of b?
0
Let h(y) = -4*y. Let k be h(0). Let o(f) = 0*f**2 - 6*f**2 + 2*f**3 + 14*f - f**3 - 13 + k*f**2. What is the units digit of o(6)?
1
Let v be ((-132)/99)/((-8)/18). Suppose -4*x + 3424 = -4*l, -3426 = -2*x - 2*x + v*l. What is the hundreds digit of x?
8
Let x(j) = 16*j**2 + 310*j - 128. What is the units digit of x(-45)?
2
Suppose -787651 = -86*j + 346686 + 543867. What is the ten thousands digit of j?
1
Suppose 25*t + 13040 = 27*t - 4*g, -4*t - g + 26035 = 0. What is the hundreds digit of t?
5
Suppose 11*n = 14*n + 102. What is the hundreds digit of (n*(-25)/(-20))/(2/(-28))?
5
Let y(i) = 4*i - 1. Let p be y(1). Suppose p*r + 0*r + 2*r = 0. Suppose r = 2*k - 30 - 68. What is the units digit of k?
9
Let p(a) = -4704*a + 4041. What is the tens digit of p(-18)?
1
Suppose 286605 = -54126*g + 54141*g. What is the hundreds digit of g?
1
Suppose -8*r - 2*j = -11*r + 1111, 0 = 5*r + j - 1843. Suppose r*u - 376*u + 2611 = 0. What is the tens digit of u?
7
Suppose 105 = -5*m + 9*m - d, -4*m + 2*d = -102. Let z = m - 12. Suppose -5*y = -z*y + 1250. What is the tens digit of y?
2
Let u(j) = -41*j + 1 - 19 - 116*j - 65 - 43*j. What is the hundreds digit of u(-3)?
5
Suppose -18*a = 88003 - 251749. What is the tens digit of a?
9
Suppose 2 + 8 = 2*c, -3*v + c = -8587. Suppose v = -42*t + 50*t. What is the units digit of t?
8
Let g = 2970 - 1718. Suppose j - 611 = -n, 2*n - 21*j = -17*